{"id":105,"date":"2025-04-21T22:33:19","date_gmt":"2025-04-21T20:33:19","guid":{"rendered":"https:\/\/willa-polanica.pl\/\/?page_id=105"},"modified":"2025-07-14T15:40:15","modified_gmt":"2025-07-14T13:40:15","slug":"wazne-informacje-villa-polanica","status":"publish","type":"page","link":"https:\/\/willa-polanica.pl\/index.php\/wazne-informacje-villa-polanica\/","title":{"rendered":"Willa Polanica wa\u017cne informacje dla go\u015bci"},"content":{"rendered":"\n<h2 class=\"wp-block-heading has-text-align-center\">Godziny zameldowania i wymeldowania<\/h2>\n\n\n\n<p class=\"has-text-align-center has-regular-font-size\" style=\"border-radius:0px;margin-top:var(--wp--preset--spacing--40);margin-bottom:var(--wp--preset--spacing--40)\">Zameldowanie  od 15:00&nbsp;do 22:00<\/p>\n\n\n\n<p class=\"has-text-align-center has-regular-font-size\" style=\"border-radius:0px;margin-top:var(--wp--preset--spacing--40);margin-bottom:var(--wp--preset--spacing--40)\">Wymeldowanie  do 11:00<\/p>\n\n\n\n<p class=\"has-text-align-center has-regular-font-size\" style=\"margin-top:var(--wp--preset--spacing--30);margin-bottom:var(--wp--preset--spacing--30)\">W Polanicy Zdr\u00f3j obowi\u0105zuje op\u0142ata klimatyczna w kwocie 5 z\u0142\/osob\u0119 za ka\u017cdy dzie\u0144 pobytu.<\/p>\n\n\n\n<p><\/p>\n\n\n\n<hr class=\"wp-block-separator has-alpha-channel-opacity\"\/>\n\n\n\n<p class=\"has-section-bg-color has-text-color has-link-color wp-elements-3ff75fb5e953b5ccda2a9005b6ac79b5\"><\/p>\n\n\n\n<h2 class=\"wp-block-heading has-text-align-center\" style=\"margin-top:var(--wp--preset--spacing--40);margin-bottom:var(--wp--preset--spacing--40)\">Cennik nocleg\u00f3w w Polanicy-Zdr\u00f3j:<\/h2>\n\n\n\n<p><\/p>\n\n\n\n<div class=\"wp-block-group has-global-padding is-content-justification-left is-layout-constrained wp-container-core-group-is-layout-8ae6a942 wp-block-group-is-layout-constrained\">\n<figure class=\"wp-block-table aligncenter is-style-stripes\" style=\"margin-top:0;margin-right:0;margin-bottom:0;margin-left:0\"><table class=\"has-border-color-background-color has-background has-fixed-layout\"><tbody><tr><td class=\"has-text-align-center\" data-align=\"center\">Pok\u00f3j<\/td><td class=\"has-text-align-center\" data-align=\"center\">Cena<\/td><\/tr><tr><td class=\"has-text-align-center\" data-align=\"center\">Pok\u00f3j 2 osobowy nr <a href=\"https:\/\/willa-polanica.pl\/index.php\/pokoj-1\/\">1<\/a> i <a href=\"https:\/\/willa-polanica.pl\/index.php\/pokoj-3\/\">3<\/a><\/td><td class=\"has-text-align-center\" data-align=\"center\">150-160 z\u0142\/pok\u00f3j<\/td><\/tr><tr><td class=\"has-text-align-center\" data-align=\"center\">Pok\u00f3j 3 osobowy nr <a href=\"https:\/\/willa-polanica.pl\/index.php\/pokoj-2\/\">2<\/a><\/td><td class=\"has-text-align-center\" data-align=\"center\">200 z\u0142\/pok\u00f3j<\/td><\/tr><tr><td class=\"has-text-align-center\" data-align=\"center\">Pok\u00f3j 4 osobowy nr <a href=\"https:\/\/willa-polanica.pl\/index.php\/pokoj-4\/\" target=\"_blank\" rel=\"noreferrer noopener\">4<\/a><\/td><td class=\"has-text-align-center\" data-align=\"center\">220 z\u0142\/pok\u00f3j<\/td><\/tr><tr><td class=\"has-text-align-center\" data-align=\"center\"><a href=\"https:\/\/willa-polanica.pl\/wp-content\/uploads\/2025\/04\/IMG_3087-768x432.jpg\" target=\"_blank\" rel=\"noreferrer noopener\">Pok\u00f3j 5 osobowy<\/a><\/td><td class=\"has-text-align-center\" data-align=\"center\">230 z\u0142\/pok\u00f3j<\/td><\/tr><tr><td class=\"has-text-align-center\" data-align=\"center\"><a href=\"https:\/\/willa-polanica.pl\/wp-content\/uploads\/2025\/04\/IMG_3088-768x432.jpg\" target=\"_blank\" rel=\"noreferrer noopener\">Pok\u00f3j 6 osobowy<\/a><\/td><td class=\"has-text-align-center\" data-align=\"center\">260 z\u0142\/pok\u00f3j<\/td><\/tr><\/tbody><\/table><\/figure>\n<\/div>\n\n\n\n<p><\/p>\n\n\n\n<h5 class=\"wp-block-heading has-text-align-center has-body-text-color has-text-color has-link-color has-small-font-size wp-elements-d011db023341f8821903ea736fba5ee4\">do podanych cen nale\u017cy doda\u0107 op\u0142at\u0119 klimatyczn\u0105<\/h5>\n\n\n\n<p><\/p>\n\n\n\n<p><\/p>\n\n\n\n<hr class=\"wp-block-separator has-alpha-channel-opacity\"\/>\n\n\n\n<h2 class=\"wp-block-heading\">Udogodnienia dla go\u015bci:<\/h2>\n\n\n\n<h3 class=\"wp-block-heading\" style=\"margin-top:var(--wp--preset--spacing--40);margin-bottom:var(--wp--preset--spacing--40)\">Co nas wyr\u00f3\u017cnia: <\/h3>\n\n\n\n<ul class=\"wp-block-list\">\n<li style=\"margin-top:var(--wp--preset--spacing--30);margin-bottom:var(--wp--preset--spacing--30)\"><a href=\"https:\/\/willa-polanica.pl\/wp-content\/uploads\/2025\/04\/IMG_1448-768x576.jpg\" target=\"_blank\" rel=\"noreferrer noopener\">Ogr\u00f3d<\/a><\/li>\n\n\n\n<li class=\"has-body-text-color has-text-color has-medium-font-size\" style=\"margin-top:var(--wp--preset--spacing--30);margin-bottom:var(--wp--preset--spacing--30)\"><a href=\"https:\/\/willa-polanica.pl\/wp-content\/uploads\/2025\/04\/WhatsApp-Image-2022-08-08-at-19.47.46-9-768x432.jpeg\" target=\"_blank\" rel=\"noreferrer noopener\">Otoczenie lasu<\/a><\/li>\n\n\n\n<li class=\"has-body-text-color has-text-color has-medium-font-size\" style=\"margin-top:var(--wp--preset--spacing--30);margin-bottom:var(--wp--preset--spacing--30)\"><a href=\"https:\/\/willa-polanica.pl\/wp-content\/uploads\/2025\/04\/lokalizacja.png\" target=\"_blank\" rel=\"noreferrer noopener\">Blisko\u015b\u0107 do deptaka<\/a><\/li>\n\n\n\n<li style=\"margin-top:var(--wp--preset--spacing--30);margin-bottom:var(--wp--preset--spacing--30)\"><a href=\"https:\/\/willa-polanica.pl\/wp-content\/uploads\/2025\/04\/WhatsApp-Image-2022-08-08-at-19.47.46-20-768x432.jpeg\" target=\"_blank\" rel=\"noreferrer noopener\">Bezp\u0142atny parking<\/a><\/li>\n<\/ul>\n\n\n\n<p><\/p>\n\n\n\n<h3 class=\"wp-block-heading\" style=\"margin-top:var(--wp--preset--spacing--40);margin-bottom:var(--wp--preset--spacing--40)\">Us\u0142ugi dla dzieci<\/h3>\n\n\n\n<ul class=\"wp-block-list\">\n<li class=\"has-body-text-color has-text-color has-link-color has-medium-font-size wp-elements-314a0b4a80c84eec70bbe4aa7ab828a4\" style=\"margin-top:var(--wp--preset--spacing--30);margin-bottom:var(--wp--preset--spacing--30)\">\u0141\u00f3\u017ceczko dla dziecka<\/li>\n\n\n\n<li class=\"has-body-text-color has-text-color has-link-color has-medium-font-size wp-elements-66e68971740767770089099f6b196419\" style=\"margin-top:var(--wp--preset--spacing--30);margin-bottom:var(--wp--preset--spacing--30)\">Po\u015bciel dla dzieci<\/li>\n\n\n\n<li class=\"has-body-text-color has-text-color has-link-color has-medium-font-size wp-elements-2bda8995aa9e444f13adcdfb1993d77e\" style=\"margin-top:var(--wp--preset--spacing--30);margin-bottom:var(--wp--preset--spacing--30)\">Mo\u017cliwo\u015b\u0107 podgrzania pokarmu dla niemowl\u0105t<\/li>\n\n\n\n<li class=\"has-body-text-color has-text-color has-link-color has-medium-font-size wp-elements-81445f10a0e859a23e0c5a3036e48730\" style=\"margin-top:var(--wp--preset--spacing--30);margin-bottom:var(--wp--preset--spacing--30)\">Krzes\u0142o do karmienia dziecka<\/li>\n<\/ul>\n\n\n\n<p><\/p>\n\n\n\n<h3 class=\"wp-block-heading\" style=\"margin-top:var(--wp--preset--spacing--40);margin-bottom:var(--wp--preset--spacing--40)\">Wy\u017cywienie<\/h3>\n\n\n\n<ul class=\"wp-block-list\">\n<li class=\"has-body-text-color has-text-color has-link-color has-medium-font-size wp-elements-da770177c5886f38189a3f6fad20dfbb\" style=\"margin-top:var(--wp--preset--spacing--30);margin-bottom:var(--wp--preset--spacing--30)\"><a href=\"https:\/\/willa-polanica.pl\/wp-content\/uploads\/2025\/04\/IMG_1620-768x576.jpg\" target=\"_blank\" rel=\"noreferrer noopener\">Wsp\u00f3lna kuchnia dost\u0119pna dla wszystkich go\u015bci<\/a><\/li>\n\n\n\n<li class=\"has-medium-font-size\">Mo\u017cliwo\u015b\u0107 przygotowania \u015bniada\u0144 i kolacji<\/li>\n\n\n\n<li class=\"has-body-text-color has-text-color has-link-color has-medium-font-size wp-elements-4505590e3190ad701134d4fb5a2c1a50\" style=\"margin-top:var(--wp--preset--spacing--30);margin-bottom:var(--wp--preset--spacing--30)\"><a href=\"https:\/\/willa-polanica.pl\/wp-content\/uploads\/2025\/04\/IMG_1482-768x576.jpg\">Oran\u017ceria z miejscem do jedzenia i wypoczynku<\/a><\/li>\n\n\n\n<li class=\"has-body-text-color has-text-color has-link-color has-medium-font-size wp-elements-99c14e50324fe92def8028b60990abe1\" style=\"margin-top:var(--wp--preset--spacing--30);margin-bottom:var(--wp--preset--spacing--30)\"><a href=\"https:\/\/willa-polanica.pl\/wp-content\/uploads\/2025\/04\/IMG_1466-768x576.jpg\">Mo\u017cliwo\u015b\u0107 skorzystania z grilla lub ogniska<\/a><\/li>\n<\/ul>\n\n\n\n<p><\/p>\n\n\n\n<h3 class=\"wp-block-heading\" style=\"margin-top:var(--wp--preset--spacing--40);margin-bottom:var(--wp--preset--spacing--40)\">Dodatkowe udogodnienia w Willi Polanica:<\/h3>\n\n\n\n<ul class=\"wp-block-list\">\n<li style=\"margin-top:var(--wp--preset--spacing--30);margin-bottom:var(--wp--preset--spacing--30)\">Darmowe Wi-Fi<\/li>\n\n\n\n<li style=\"margin-top:var(--wp--preset--spacing--30);margin-bottom:var(--wp--preset--spacing--30)\">Telewizor<\/li>\n\n\n\n<li style=\"margin-top:var(--wp--preset--spacing--30);margin-bottom:var(--wp--preset--spacing--30)\">Czajnik w ka\u017cdym pokoju<\/li>\n\n\n\n<li class=\"has-body-text-color has-text-color has-medium-font-size\" style=\"margin-top:var(--wp--preset--spacing--30);margin-bottom:var(--wp--preset--spacing--30)\">\u017belazko<\/li>\n\n\n\n<li style=\"margin-top:var(--wp--preset--spacing--30);margin-bottom:var(--wp--preset--spacing--30)\">R\u0119cznik i po\u015bciel w cenie pobytu<\/li>\n<\/ul>\n\n\n\n<hr class=\"wp-block-separator has-alpha-channel-opacity\"\/>\n\n\n\n<p><\/p>\n","protected":false},"excerpt":{"rendered":"<p>Godziny zameldowania i wymeldowania Zameldowanie od 15:00&nbsp;do 22:00 Wymeldowanie do 11:00 W Polanicy Zdr\u00f3j obowi\u0105zuje op\u0142ata klimatyczna w kwocie 5 z\u0142\/osob\u0119 za ka\u017cdy dzie\u0144 pobytu. Cennik nocleg\u00f3w w Polanicy-Zdr\u00f3j: Pok\u00f3j Cena Pok\u00f3j 2 osobowy nr 1 i 3 150-160 z\u0142\/pok\u00f3j Pok\u00f3j 3 osobowy nr 2 200 z\u0142\/pok\u00f3j Pok\u00f3j 4 osobowy nr 4 220 z\u0142\/pok\u00f3j Pok\u00f3j [&hellip;]<\/p>\n","protected":false},"author":1,"featured_media":0,"parent":0,"menu_order":0,"comment_status":"closed","ping_status":"closed","template":"","meta":{"footnotes":""},"class_list":["post-105","page","type-page","status-publish","hentry"],"yoast_head":"<!-- This site is optimized with the Yoast SEO plugin v25.4 - https:\/\/yoast.com\/wordpress\/plugins\/seo\/ -->\n<title>Willa Polanica wa\u017cne informacje dla go\u015bci - Willa Polanica<\/title>\n<meta name=\"description\" content=\"Poznaj najwa\u017cniejsze informacje dotycz\u0105ce pobytu w Villa Polanica. Zaplanuj sw\u00f3j wypoczynek bez niespodzianek! Udogodnienia dla go\u015bci w Willi\" \/>\n<meta name=\"robots\" content=\"index, follow, max-snippet:-1, max-image-preview:large, max-video-preview:-1\" \/>\n<link rel=\"canonical\" href=\"https:\/\/willa-polanica.pl\/index.php\/wazne-informacje-villa-polanica\/\" \/>\n<meta property=\"og:locale\" content=\"pl_PL\" \/>\n<meta property=\"og:type\" content=\"article\" \/>\n<meta property=\"og:title\" content=\"Willa Polanica wa\u017cne informacje dla go\u015bci - Willa Polanica\" \/>\n<meta property=\"og:description\" content=\"Poznaj najwa\u017cniejsze informacje dotycz\u0105ce pobytu w Villa Polanica. Zaplanuj sw\u00f3j wypoczynek bez niespodzianek! Udogodnienia dla go\u015bci w Willi\" \/>\n<meta property=\"og:url\" content=\"https:\/\/willa-polanica.pl\/index.php\/wazne-informacje-villa-polanica\/\" \/>\n<meta property=\"og:site_name\" content=\"Willa Polanica\" \/>\n<meta property=\"article:publisher\" content=\"https:\/\/www.facebook.com\/profile.php?id=61577378618566\" \/>\n<meta property=\"article:modified_time\" content=\"2025-07-14T13:40:15+00:00\" \/>\n<meta name=\"twitter:card\" content=\"summary_large_image\" \/>\n<meta name=\"twitter:label1\" content=\"Szacowany czas czytania\" \/>\n\t<meta name=\"twitter:data1\" content=\"1 minuta\" \/>\n<script type=\"application\/ld+json\" class=\"yoast-schema-graph\">{\"@context\":\"https:\/\/schema.org\",\"@graph\":[{\"@type\":\"WebPage\",\"@id\":\"https:\/\/willa-polanica.pl\/index.php\/wazne-informacje-villa-polanica\/\",\"url\":\"https:\/\/willa-polanica.pl\/index.php\/wazne-informacje-villa-polanica\/\",\"name\":\"Willa Polanica wa\u017cne informacje dla go\u015bci - Willa Polanica\",\"isPartOf\":{\"@id\":\"https:\/\/willa-polanica.pl\/#website\"},\"datePublished\":\"2025-04-21T20:33:19+00:00\",\"dateModified\":\"2025-07-14T13:40:15+00:00\",\"description\":\"Poznaj najwa\u017cniejsze informacje dotycz\u0105ce pobytu w Villa Polanica. Zaplanuj sw\u00f3j wypoczynek bez niespodzianek! Udogodnienia dla go\u015bci w Willi\",\"breadcrumb\":{\"@id\":\"https:\/\/willa-polanica.pl\/index.php\/wazne-informacje-villa-polanica\/#breadcrumb\"},\"inLanguage\":\"pl-PL\",\"potentialAction\":[{\"@type\":\"ReadAction\",\"target\":[\"https:\/\/willa-polanica.pl\/index.php\/wazne-informacje-villa-polanica\/\"]}]},{\"@type\":\"BreadcrumbList\",\"@id\":\"https:\/\/willa-polanica.pl\/index.php\/wazne-informacje-villa-polanica\/#breadcrumb\",\"itemListElement\":[{\"@type\":\"ListItem\",\"position\":1,\"name\":\"Strona g\u0142\u00f3wna\",\"item\":\"https:\/\/willa-polanica.pl\/\"},{\"@type\":\"ListItem\",\"position\":2,\"name\":\"Noclegi Polanica Zdr\u00f3j, nocowanie Polanica, pensjonat, kwatery prywatne booking Polanica Zdr\u00f3j, apartamenty, Villa Polanica, tanie noclegi, rezerwacje, pokoje, turysta, wakacje, polecane noclegi, tani nocleg, g\u00f3ry Sto\u0142owe, Kotlina K\u0142odzka\"}]},{\"@type\":\"WebSite\",\"@id\":\"https:\/\/willa-polanica.pl\/#website\",\"url\":\"https:\/\/willa-polanica.pl\/\",\"name\":\"Willa Polanica\",\"description\":\"Odpocznij w zaciszu lasu zaledwie 10 min spacerem od deptaku\",\"publisher\":{\"@id\":\"https:\/\/willa-polanica.pl\/#organization\"},\"alternateName\":\"Nocowanie Polanica Zdr\u00f3j\",\"potentialAction\":[{\"@type\":\"SearchAction\",\"target\":{\"@type\":\"EntryPoint\",\"urlTemplate\":\"https:\/\/willa-polanica.pl\/?s={search_term_string}\"},\"query-input\":{\"@type\":\"PropertyValueSpecification\",\"valueRequired\":true,\"valueName\":\"search_term_string\"}}],\"inLanguage\":\"pl-PL\"},{\"@type\":\"Organization\",\"@id\":\"https:\/\/willa-polanica.pl\/#organization\",\"name\":\"Willa Polanica\",\"alternateName\":\"Nocowanie Polanica Zdr\u00f3j\",\"url\":\"https:\/\/willa-polanica.pl\/\",\"logo\":{\"@type\":\"ImageObject\",\"inLanguage\":\"pl-PL\",\"@id\":\"https:\/\/willa-polanica.pl\/#\/schema\/logo\/image\/\",\"url\":\"https:\/\/willa-polanica.pl\/wp-content\/uploads\/2025\/04\/ChatGPT-Image-26-kwi-2025-08_20_59-1-1-1.png\",\"contentUrl\":\"https:\/\/willa-polanica.pl\/wp-content\/uploads\/2025\/04\/ChatGPT-Image-26-kwi-2025-08_20_59-1-1-1.png\",\"width\":1536,\"height\":1024,\"caption\":\"Willa Polanica\"},\"image\":{\"@id\":\"https:\/\/willa-polanica.pl\/#\/schema\/logo\/image\/\"},\"sameAs\":[\"https:\/\/www.facebook.com\/profile.php?id=61577378618566\"]}]}<\/script>\n<!-- \/ Yoast SEO plugin. -->","yoast_head_json":{"title":"Willa Polanica wa\u017cne informacje dla go\u015bci - Willa Polanica","description":"Poznaj najwa\u017cniejsze informacje dotycz\u0105ce pobytu w Villa Polanica. Zaplanuj sw\u00f3j wypoczynek bez niespodzianek! Udogodnienia dla go\u015bci w Willi","robots":{"index":"index","follow":"follow","max-snippet":"max-snippet:-1","max-image-preview":"max-image-preview:large","max-video-preview":"max-video-preview:-1"},"canonical":"https:\/\/willa-polanica.pl\/index.php\/wazne-informacje-villa-polanica\/","og_locale":"pl_PL","og_type":"article","og_title":"Willa Polanica wa\u017cne informacje dla go\u015bci - Willa Polanica","og_description":"Poznaj najwa\u017cniejsze informacje dotycz\u0105ce pobytu w Villa Polanica. Zaplanuj sw\u00f3j wypoczynek bez niespodzianek! Udogodnienia dla go\u015bci w Willi","og_url":"https:\/\/willa-polanica.pl\/index.php\/wazne-informacje-villa-polanica\/","og_site_name":"Willa Polanica","article_publisher":"https:\/\/www.facebook.com\/profile.php?id=61577378618566","article_modified_time":"2025-07-14T13:40:15+00:00","twitter_card":"summary_large_image","twitter_misc":{"Szacowany czas czytania":"1 minuta"},"schema":{"@context":"https:\/\/schema.org","@graph":[{"@type":"WebPage","@id":"https:\/\/willa-polanica.pl\/index.php\/wazne-informacje-villa-polanica\/","url":"https:\/\/willa-polanica.pl\/index.php\/wazne-informacje-villa-polanica\/","name":"Willa Polanica wa\u017cne informacje dla go\u015bci - Willa Polanica","isPartOf":{"@id":"https:\/\/willa-polanica.pl\/#website"},"datePublished":"2025-04-21T20:33:19+00:00","dateModified":"2025-07-14T13:40:15+00:00","description":"Poznaj najwa\u017cniejsze informacje dotycz\u0105ce pobytu w Villa Polanica. Zaplanuj sw\u00f3j wypoczynek bez niespodzianek! Udogodnienia dla go\u015bci w Willi","breadcrumb":{"@id":"https:\/\/willa-polanica.pl\/index.php\/wazne-informacje-villa-polanica\/#breadcrumb"},"inLanguage":"pl-PL","potentialAction":[{"@type":"ReadAction","target":["https:\/\/willa-polanica.pl\/index.php\/wazne-informacje-villa-polanica\/"]}]},{"@type":"BreadcrumbList","@id":"https:\/\/willa-polanica.pl\/index.php\/wazne-informacje-villa-polanica\/#breadcrumb","itemListElement":[{"@type":"ListItem","position":1,"name":"Strona g\u0142\u00f3wna","item":"https:\/\/willa-polanica.pl\/"},{"@type":"ListItem","position":2,"name":"Noclegi Polanica Zdr\u00f3j, nocowanie Polanica, pensjonat, kwatery prywatne booking Polanica Zdr\u00f3j, apartamenty, Villa Polanica, tanie noclegi, rezerwacje, pokoje, turysta, wakacje, polecane noclegi, tani nocleg, g\u00f3ry Sto\u0142owe, Kotlina K\u0142odzka"}]},{"@type":"WebSite","@id":"https:\/\/willa-polanica.pl\/#website","url":"https:\/\/willa-polanica.pl\/","name":"Willa Polanica","description":"Odpocznij w zaciszu lasu zaledwie 10 min spacerem od deptaku","publisher":{"@id":"https:\/\/willa-polanica.pl\/#organization"},"alternateName":"Nocowanie Polanica Zdr\u00f3j","potentialAction":[{"@type":"SearchAction","target":{"@type":"EntryPoint","urlTemplate":"https:\/\/willa-polanica.pl\/?s={search_term_string}"},"query-input":{"@type":"PropertyValueSpecification","valueRequired":true,"valueName":"search_term_string"}}],"inLanguage":"pl-PL"},{"@type":"Organization","@id":"https:\/\/willa-polanica.pl\/#organization","name":"Willa Polanica","alternateName":"Nocowanie Polanica Zdr\u00f3j","url":"https:\/\/willa-polanica.pl\/","logo":{"@type":"ImageObject","inLanguage":"pl-PL","@id":"https:\/\/willa-polanica.pl\/#\/schema\/logo\/image\/","url":"https:\/\/willa-polanica.pl\/wp-content\/uploads\/2025\/04\/ChatGPT-Image-26-kwi-2025-08_20_59-1-1-1.png","contentUrl":"https:\/\/willa-polanica.pl\/wp-content\/uploads\/2025\/04\/ChatGPT-Image-26-kwi-2025-08_20_59-1-1-1.png","width":1536,"height":1024,"caption":"Willa Polanica"},"image":{"@id":"https:\/\/willa-polanica.pl\/#\/schema\/logo\/image\/"},"sameAs":["https:\/\/www.facebook.com\/profile.php?id=61577378618566"]}]}},"_links":{"self":[{"href":"https:\/\/willa-polanica.pl\/index.php\/wp-json\/wp\/v2\/pages\/105","targetHints":{"allow":["GET"]}}],"collection":[{"href":"https:\/\/willa-polanica.pl\/index.php\/wp-json\/wp\/v2\/pages"}],"about":[{"href":"https:\/\/willa-polanica.pl\/index.php\/wp-json\/wp\/v2\/types\/page"}],"author":[{"embeddable":true,"href":"https:\/\/willa-polanica.pl\/index.php\/wp-json\/wp\/v2\/users\/1"}],"replies":[{"embeddable":true,"href":"https:\/\/willa-polanica.pl\/index.php\/wp-json\/wp\/v2\/comments?post=105"}],"version-history":[{"count":25,"href":"https:\/\/willa-polanica.pl\/index.php\/wp-json\/wp\/v2\/pages\/105\/revisions"}],"predecessor-version":[{"id":588,"href":"https:\/\/willa-polanica.pl\/index.php\/wp-json\/wp\/v2\/pages\/105\/revisions\/588"}],"wp:attachment":[{"href":"https:\/\/willa-polanica.pl\/index.php\/wp-json\/wp\/v2\/media?parent=105"}],"curies":[{"name":"wp","href":"https:\/\/api.w.org\/{rel}","templated":true}]}}